{"id":421,"date":"2022-03-21T17:03:35","date_gmt":"2022-03-21T16:03:35","guid":{"rendered":"https:\/\/c-kurre.de\/wordpress\/?page_id=421"},"modified":"2022-04-03T21:25:38","modified_gmt":"2022-04-03T19:25:38","slug":"hebeschiebe-synego","status":"publish","type":"page","link":"https:\/\/c-kurre.de\/wordpress\/index.php\/hebeschiebe-synego\/","title":{"rendered":"Hebeschiebe Synego"},"content":{"rendered":"<section  class='av_textblock_section av-l1jona8q-5a90208cf118a2fd36b3827574eb962c'  itemscope=\"itemscope\" itemtype=\"https:\/\/schema.org\/CreativeWork\" ><div class='avia_textblock'  itemprop=\"text\" ><h1>SYNEGO Hebeschiebet\u00fcren<\/h1>\n<\/div><\/section>\n\n<style type=\"text\/css\" data-created_by=\"avia_inline_auto\" id=\"style-css-av-l1jomsos-23335497a0ad9d3f8a1173c90ccd356e\">\n.avia-image-container.av-l1jomsos-23335497a0ad9d3f8a1173c90ccd356e .av-image-caption-overlay-center{\ncolor:#ffffff;\n}\n<\/style>\n<div  class='avia-image-container av-l1jomsos-23335497a0ad9d3f8a1173c90ccd356e av-styling- avia_animated_image avia_animate_when_almost_visible top-to-bottom avia-align-center  avia-builder-el-1  el_after_av_textblock  el_before_av_one_half '  itemprop=\"image\" itemscope=\"itemscope\" itemtype=\"https:\/\/schema.org\/ImageObject\" ><div class=\"avia-image-container-inner\"><div class=\"avia-image-overlay-wrap\"><img decoding=\"async\" class='wp-image-667 avia-img-lazy-loading-not-667 avia_image' src=\"https:\/\/c-kurre.de\/wordpress\/wp-content\/uploads\/2022\/04\/rehau-hebeschiebetuer-synego-teaser-lg-1030x579.jpg\" alt='' title='rehau-hebeschiebetuer-synego-teaser-lg'  height=\"579\" width=\"1030\"  itemprop=\"thumbnailUrl\" srcset=\"https:\/\/c-kurre.de\/wordpress\/wp-content\/uploads\/2022\/04\/rehau-hebeschiebetuer-synego-teaser-lg-1030x579.jpg 1030w, https:\/\/c-kurre.de\/wordpress\/wp-content\/uploads\/2022\/04\/rehau-hebeschiebetuer-synego-teaser-lg-300x169.jpg 300w, https:\/\/c-kurre.de\/wordpress\/wp-content\/uploads\/2022\/04\/rehau-hebeschiebetuer-synego-teaser-lg-768x432.jpg 768w, https:\/\/c-kurre.de\/wordpress\/wp-content\/uploads\/2022\/04\/rehau-hebeschiebetuer-synego-teaser-lg-705x397.jpg 705w, https:\/\/c-kurre.de\/wordpress\/wp-content\/uploads\/2022\/04\/rehau-hebeschiebetuer-synego-teaser-lg.jpg 1200w\" sizes=\"(max-width: 1030px) 100vw, 1030px\" \/><\/div><\/div><\/div>\n<div class='flex_column av-av_one_half-a93934ecd89fbb8a9566d39e89cd3725 av_one_half  avia-builder-el-2  el_after_av_image  el_before_av_one_half  first flex_column_div '   ><section  class='av_textblock_section av-l1joc213-c781b7ad0c90542069c09bff04f06762'  itemscope=\"itemscope\" itemtype=\"https:\/\/schema.org\/CreativeWork\" ><div class='avia_textblock'  itemprop=\"text\" ><p><strong>Einfach riesig<\/strong><\/p>\n<p>Mit einer maximalen Elementbreite von 10 m und bis zu 2,70 m H\u00f6he verf\u00fcgen Sie \u00fcber vielf\u00e4ltige Gestaltungsm\u00f6glichkeiten f\u00fcr Ihr Zuhause. Mit den Hebeschiebet\u00fcren von SYNEGO k\u00f6nnen Sie Durchgangsbreiten von bis zu 5 m realisieren \u2013 so werden innen und au\u00dfen eins.<\/p>\n<\/div><\/section><\/div><div class='flex_column av-av_one_half-d06667205e6186ec8414c6eb7605d406 av_one_half  avia-builder-el-4  el_after_av_one_half  el_before_av_textblock  flex_column_div '   ><section  class='av_textblock_section av-l1jocj68-82e7dbf4b7bedbedfc323d00c2134c8f'  itemscope=\"itemscope\" itemtype=\"https:\/\/schema.org\/CreativeWork\" ><div class='avia_textblock'  itemprop=\"text\" ><p><strong>Attraktive architektonische M\u00f6glichkeiten<\/strong><\/p>\n<p>Gestalten Sie Ihr Zuhause offen, modern und mit viel Licht! Mit den SYNEGO Hebeschiebet\u00fcren ist das alles m\u00f6glich. Bringen Sie die Natur in Ihr Haus und genie\u00dfen Sie das Gef\u00fchl von Freiheit durch die einzigartige Verbindung nach au\u00dfen.<\/p>\n<\/div><\/section><\/div><section  class='av_textblock_section av-l1joduwg-c8db3a027d916b2da0d7464fe56a6806'  itemscope=\"itemscope\" itemtype=\"https:\/\/schema.org\/CreativeWork\" ><div class='avia_textblock'  itemprop=\"text\" ><div class=\"cell\">\n<p class=\"h1\"><strong>Kinderleichtes \u00d6ffnen und Schlie\u00dfen<\/strong><\/p>\n<p>In Kombination mit verschiedenen Ausstattungsfeatures k\u00f6nnen Sie Ihr pers\u00f6nliches Lieblingsmodell konfigurieren. Spezielle Beschlagsl\u00f6sungen erm\u00f6glichen spielend leichtes \u00d6ffnen und Schlie\u00dfen, w\u00e4hrend optionale Elektromotoren f\u00fcr zus\u00e4tzlichen Komfort sorgen. In Kombination mit einer speziellen Schlie\u00dfd\u00e4mpfung gleitet die Hebeschiebet\u00fcre sanft in die Verschlussstellung und schlie\u00dft zuverl\u00e4ssig \u2013 f\u00fcr h\u00f6chste Sicherheit. Zudem sorgen spezielle Schwellenl\u00f6sungen f\u00fcr einen nahezu barrierefreien Zugang.<\/p>\n<\/div>\n<div class=\"cell\"><\/div>\n<div class=\"cell\">\n<p><strong>Absolute Leichtg\u00e4ngigkeit<\/strong><\/p>\n<p>SYNEGO Hebeschiebet\u00fcren sehen nicht nur strahlend aus, sondern bieten Ihnen auch nach Jahren die volle Funktionsf\u00e4higkeit. Ein spezielles Laufwagengeh\u00e4use garantiert den passgenauen Einbau und somit die sichere Funktionalit\u00e4t der Beschlagskomponenten. Das spezielle Dichtungssystem sch\u00fctzt Sie vor Zugluft und Feuchtigkeit und sorgt gleichzeitig f\u00fcr einen optimierten Schlie\u00dfdruck. So \u00f6ffnen und schlie\u00dfen Ihre Schiebet\u00fcren deutlich leichter.<\/p>\n<\/div>\n<\/div><\/section><\/p>\n<div class='flex_column av-av_one_half-a93934ecd89fbb8a9566d39e89cd3725 av_one_half  avia-builder-el-7  el_after_av_textblock  el_before_av_one_half  first flex_column_div column-top-margin'   ><section  class='av_textblock_section av-l1joiot2-77f8dc7a8d56d07142f0dbbba15b05d4'  itemscope=\"itemscope\" itemtype=\"https:\/\/schema.org\/CreativeWork\" ><div class='avia_textblock'  itemprop=\"text\" ><p><strong>Noch mehr Licht dank Panorama-Variation<\/strong><\/p>\n<p>SYNEGO Hebeschiebet\u00fcren bieten hervorragende Stabilit\u00e4t bei geringem Gewicht, sind einfach in der Handhabung und leicht zu schieben. Die Panorama-Variation gl\u00e4nzt dank des bis zu 65 % schm\u00e4leren Rahmens mit h\u00f6chstem Lichteinfall und noch mehr Ausblick.<\/p>\n<\/div><\/section><\/div><div class='flex_column av-av_one_half-d06667205e6186ec8414c6eb7605d406 av_one_half  avia-builder-el-9  el_after_av_one_half  el_before_av_image  flex_column_div column-top-margin'   ><section  class='av_textblock_section av-l1joj0nt-8c9fe758804a0a694f54a6a3fd4ae907'  itemscope=\"itemscope\" itemtype=\"https:\/\/schema.org\/CreativeWork\" ><div class='avia_textblock'  itemprop=\"text\" ><p><strong>Barrierefreier \u00dcbergang<\/strong><\/p>\n<p>Durch spezielle Schwellenl\u00f6sungen ist bei SYNEGO Hebeschiebet\u00fcren ein nahezu barrierefreier \u00dcbergang m\u00f6glich. Das erh\u00f6ht nicht nur den Wohnkomfort, sondern sorgt auch f\u00fcr eine schlichte und moderne Optik.<\/p>\n<\/div><\/section><\/div>\n<style type=\"text\/css\" data-created_by=\"avia_inline_auto\" id=\"style-css-av-l1jokmed-ef539f47ac54a71defc31d795e07d036\">\n.avia-image-container.av-l1jokmed-ef539f47ac54a71defc31d795e07d036 .av-image-caption-overlay-center{\ncolor:#ffffff;\n}\n<\/style>\n<div  class='avia-image-container av-l1jokmed-ef539f47ac54a71defc31d795e07d036 av-styling- avia_animated_image avia_animate_when_almost_visible fade-in avia-align-center  avia-builder-el-11  el_after_av_one_half  avia-builder-el-last '  itemprop=\"image\" itemscope=\"itemscope\" itemtype=\"https:\/\/schema.org\/ImageObject\" ><div class=\"avia-image-container-inner\"><div class=\"avia-image-overlay-wrap\"><img decoding=\"async\" class='wp-image-665 avia-img-lazy-loading-not-665 avia_image' src=\"https:\/\/c-kurre.de\/wordpress\/wp-content\/uploads\/2022\/04\/rehau-hebeschiebetuer-synego-oeffnungsschemata-1030x425.jpg\" alt='' title='rehau-hebeschiebetuer-synego-oeffnungsschemata'  height=\"425\" width=\"1030\"  itemprop=\"thumbnailUrl\" srcset=\"https:\/\/c-kurre.de\/wordpress\/wp-content\/uploads\/2022\/04\/rehau-hebeschiebetuer-synego-oeffnungsschemata-1030x425.jpg 1030w, https:\/\/c-kurre.de\/wordpress\/wp-content\/uploads\/2022\/04\/rehau-hebeschiebetuer-synego-oeffnungsschemata-300x124.jpg 300w, https:\/\/c-kurre.de\/wordpress\/wp-content\/uploads\/2022\/04\/rehau-hebeschiebetuer-synego-oeffnungsschemata-768x317.jpg 768w, https:\/\/c-kurre.de\/wordpress\/wp-content\/uploads\/2022\/04\/rehau-hebeschiebetuer-synego-oeffnungsschemata-705x291.jpg 705w, https:\/\/c-kurre.de\/wordpress\/wp-content\/uploads\/2022\/04\/rehau-hebeschiebetuer-synego-oeffnungsschemata.jpg 1200w\" sizes=\"(max-width: 1030px) 100vw, 1030px\" \/><\/div><\/div><\/div><\/p>\n","protected":false},"excerpt":{"rendered":"","protected":false},"author":1,"featured_media":0,"parent":0,"menu_order":0,"comment_status":"closed","ping_status":"closed","template":"","meta":{"footnotes":""},"class_list":["post-421","page","type-page","status-publish","hentry"],"_links":{"self":[{"href":"https:\/\/c-kurre.de\/wordpress\/index.php\/wp-json\/wp\/v2\/pages\/421","targetHints":{"allow":["GET"]}}],"collection":[{"href":"https:\/\/c-kurre.de\/wordpress\/index.php\/wp-json\/wp\/v2\/pages"}],"about":[{"href":"https:\/\/c-kurre.de\/wordpress\/index.php\/wp-json\/wp\/v2\/types\/page"}],"author":[{"embeddable":true,"href":"https:\/\/c-kurre.de\/wordpress\/index.php\/wp-json\/wp\/v2\/users\/1"}],"replies":[{"embeddable":true,"href":"https:\/\/c-kurre.de\/wordpress\/index.php\/wp-json\/wp\/v2\/comments?post=421"}],"version-history":[{"count":5,"href":"https:\/\/c-kurre.de\/wordpress\/index.php\/wp-json\/wp\/v2\/pages\/421\/revisions"}],"predecessor-version":[{"id":670,"href":"https:\/\/c-kurre.de\/wordpress\/index.php\/wp-json\/wp\/v2\/pages\/421\/revisions\/670"}],"wp:attachment":[{"href":"https:\/\/c-kurre.de\/wordpress\/index.php\/wp-json\/wp\/v2\/media?parent=421"}],"curies":[{"name":"wp","href":"https:\/\/api.w.org\/{rel}","templated":true}]}}