{"id":419,"date":"2022-03-21T17:03:08","date_gmt":"2022-03-21T16:03:08","guid":{"rendered":"https:\/\/c-kurre.de\/wordpress\/?page_id=419"},"modified":"2022-04-08T16:09:47","modified_gmt":"2022-04-08T14:09:47","slug":"synego-slide","status":"publish","type":"page","link":"https:\/\/c-kurre.de\/wordpress\/index.php\/synego-slide\/","title":{"rendered":"Synego Slide"},"content":{"rendered":"<section  class='av_textblock_section av-l1jp3swm-878ee554599f0d5ec68a8a5715c82c2b'  itemscope=\"itemscope\" itemtype=\"https:\/\/schema.org\/CreativeWork\" ><div class='avia_textblock'  itemprop=\"text\" ><h1>SYNEGO SLIDE<\/h1>\n<\/div><\/section>\n<div class='flex_column av-av_one_full-a93934ecd89fbb8a9566d39e89cd3725 av_one_full  avia-builder-el-1  el_after_av_textblock  el_before_av_textblock  first flex_column_div column-top-margin'   ><div  class='avia-slideshow av-l1qi6g4d-ebe09bd55e9c206b424c38134233fa1c av-control-default avia-slideshow-masonry av_slideshow avia-slide-slider  avia-builder-el-2  avia-builder-el-no-sibling  av-default-height-applied avia-slideshow-1'  data-size='masonry'  data-lightbox_size='large'  data-animation='slide'  data-conditional_play=''  data-ids='402,401,400,399,397'  data-video_counter='0'  data-autoplay='true'  data-bg_slider='false'  data-slide_height=''  data-handle='av_slideshow'  data-interval='5'  data-class=' avia-builder-el-2  avia-builder-el-no-sibling '  data-extra_class=''  data-el_id=''  data-css_id=''  data-scroll_down=''  data-control_layout='av-control-default'  data-custom_markup=''  data-perma_caption=''  data-autoplay_stopper=''  data-image_attachment=''  data-min_height='0px'  data-lazy_loading='disabled'  data-default-height='71.347517730496'  data-img_scrset=''  data-av-desktop-hide=''  data-av-medium-hide=''  data-av-small-hide=''  data-av-mini-hide=''  data-alb_description=''  data-id=''  data-custom_class=''  data-template_class=''  data-av_uid='av-l1qi6g4d'  data-sc_version='1.0'  data-heading_tag=''  data-heading_class=''   itemprop=\"image\" itemscope=\"itemscope\" itemtype=\"https:\/\/schema.org\/ImageObject\" ><ul class='avia-slideshow-inner ' style='padding-bottom: 71.347517730496%;'><li  class='avia-slideshow-slide av-l1qi6g4d-ebe09bd55e9c206b424c38134233fa1c__0  slide-1 ' ><div data-rel='slideshow-1' class='avia-slide-wrap '   ><img decoding=\"async\" class=\"wp-image-402 avia-img-lazy-loading-not-402\"  src=\"https:\/\/c-kurre.de\/wordpress\/wp-content\/uploads\/2022\/03\/22017173px1920x1371-705x503.jpg\" width=\"705\" height=\"503\" title='22017173px1920x1371' alt=''  itemprop=\"thumbnailUrl\" srcset=\"https:\/\/c-kurre.de\/wordpress\/wp-content\/uploads\/2022\/03\/22017173px1920x1371-705x503.jpg 705w, https:\/\/c-kurre.de\/wordpress\/wp-content\/uploads\/2022\/03\/22017173px1920x1371-300x214.jpg 300w, https:\/\/c-kurre.de\/wordpress\/wp-content\/uploads\/2022\/03\/22017173px1920x1371-1030x735.jpg 1030w, https:\/\/c-kurre.de\/wordpress\/wp-content\/uploads\/2022\/03\/22017173px1920x1371-768x548.jpg 768w, https:\/\/c-kurre.de\/wordpress\/wp-content\/uploads\/2022\/03\/22017173px1920x1371-1536x1097.jpg 1536w, https:\/\/c-kurre.de\/wordpress\/wp-content\/uploads\/2022\/03\/22017173px1920x1371-1500x1071.jpg 1500w, https:\/\/c-kurre.de\/wordpress\/wp-content\/uploads\/2022\/03\/22017173px1920x1371-260x185.jpg 260w, https:\/\/c-kurre.de\/wordpress\/wp-content\/uploads\/2022\/03\/22017173px1920x1371.jpg 1920w\" sizes=\"(max-width: 705px) 100vw, 705px\" \/><\/div><\/li><li  class='avia-slideshow-slide av-l1qi6g4d-ebe09bd55e9c206b424c38134233fa1c__1  slide-2 ' ><div data-rel='slideshow-1' class='avia-slide-wrap '   ><img decoding=\"async\" class=\"wp-image-401 avia-img-lazy-loading-not-401\"  src=\"https:\/\/c-kurre.de\/wordpress\/wp-content\/uploads\/2022\/03\/22017158px1920x1358-705x499.jpg\" width=\"705\" height=\"499\" title='22017158px1920x1358' alt=''  itemprop=\"thumbnailUrl\" srcset=\"https:\/\/c-kurre.de\/wordpress\/wp-content\/uploads\/2022\/03\/22017158px1920x1358-705x499.jpg 705w, https:\/\/c-kurre.de\/wordpress\/wp-content\/uploads\/2022\/03\/22017158px1920x1358-300x212.jpg 300w, https:\/\/c-kurre.de\/wordpress\/wp-content\/uploads\/2022\/03\/22017158px1920x1358-1030x729.jpg 1030w, https:\/\/c-kurre.de\/wordpress\/wp-content\/uploads\/2022\/03\/22017158px1920x1358-768x543.jpg 768w, https:\/\/c-kurre.de\/wordpress\/wp-content\/uploads\/2022\/03\/22017158px1920x1358-1536x1086.jpg 1536w, https:\/\/c-kurre.de\/wordpress\/wp-content\/uploads\/2022\/03\/22017158px1920x1358-1500x1061.jpg 1500w, https:\/\/c-kurre.de\/wordpress\/wp-content\/uploads\/2022\/03\/22017158px1920x1358-260x185.jpg 260w, https:\/\/c-kurre.de\/wordpress\/wp-content\/uploads\/2022\/03\/22017158px1920x1358.jpg 1920w\" sizes=\"(max-width: 705px) 100vw, 705px\" \/><\/div><\/li><li  class='avia-slideshow-slide av-l1qi6g4d-ebe09bd55e9c206b424c38134233fa1c__2  slide-3 ' ><div data-rel='slideshow-1' class='avia-slide-wrap '   ><img decoding=\"async\" class=\"wp-image-400 avia-img-lazy-loading-not-400\"  src=\"https:\/\/c-kurre.de\/wordpress\/wp-content\/uploads\/2022\/03\/21791713px1920x1358-705x499.jpg\" width=\"705\" height=\"499\" title='21791713px1920x1358' alt=''  itemprop=\"thumbnailUrl\" srcset=\"https:\/\/c-kurre.de\/wordpress\/wp-content\/uploads\/2022\/03\/21791713px1920x1358-705x499.jpg 705w, https:\/\/c-kurre.de\/wordpress\/wp-content\/uploads\/2022\/03\/21791713px1920x1358-300x212.jpg 300w, https:\/\/c-kurre.de\/wordpress\/wp-content\/uploads\/2022\/03\/21791713px1920x1358-1030x729.jpg 1030w, https:\/\/c-kurre.de\/wordpress\/wp-content\/uploads\/2022\/03\/21791713px1920x1358-768x543.jpg 768w, https:\/\/c-kurre.de\/wordpress\/wp-content\/uploads\/2022\/03\/21791713px1920x1358-1536x1086.jpg 1536w, https:\/\/c-kurre.de\/wordpress\/wp-content\/uploads\/2022\/03\/21791713px1920x1358-1500x1061.jpg 1500w, https:\/\/c-kurre.de\/wordpress\/wp-content\/uploads\/2022\/03\/21791713px1920x1358-260x185.jpg 260w, https:\/\/c-kurre.de\/wordpress\/wp-content\/uploads\/2022\/03\/21791713px1920x1358.jpg 1920w\" sizes=\"(max-width: 705px) 100vw, 705px\" \/><\/div><\/li><li  class='avia-slideshow-slide av-l1qi6g4d-ebe09bd55e9c206b424c38134233fa1c__3  slide-4 ' ><div data-rel='slideshow-1' class='avia-slide-wrap '   ><img decoding=\"async\" class=\"wp-image-399 avia-img-lazy-loading-not-399\"  src=\"https:\/\/c-kurre.de\/wordpress\/wp-content\/uploads\/2022\/03\/21791709px1920x1358-705x499.jpg\" width=\"705\" height=\"499\" title='21791709px1920x1358' alt=''  itemprop=\"thumbnailUrl\" srcset=\"https:\/\/c-kurre.de\/wordpress\/wp-content\/uploads\/2022\/03\/21791709px1920x1358-705x499.jpg 705w, https:\/\/c-kurre.de\/wordpress\/wp-content\/uploads\/2022\/03\/21791709px1920x1358-300x212.jpg 300w, https:\/\/c-kurre.de\/wordpress\/wp-content\/uploads\/2022\/03\/21791709px1920x1358-1030x729.jpg 1030w, https:\/\/c-kurre.de\/wordpress\/wp-content\/uploads\/2022\/03\/21791709px1920x1358-768x543.jpg 768w, https:\/\/c-kurre.de\/wordpress\/wp-content\/uploads\/2022\/03\/21791709px1920x1358-1536x1086.jpg 1536w, https:\/\/c-kurre.de\/wordpress\/wp-content\/uploads\/2022\/03\/21791709px1920x1358-1500x1061.jpg 1500w, https:\/\/c-kurre.de\/wordpress\/wp-content\/uploads\/2022\/03\/21791709px1920x1358-260x185.jpg 260w, https:\/\/c-kurre.de\/wordpress\/wp-content\/uploads\/2022\/03\/21791709px1920x1358.jpg 1920w\" sizes=\"(max-width: 705px) 100vw, 705px\" \/><\/div><\/li><li  class='avia-slideshow-slide av-l1qi6g4d-ebe09bd55e9c206b424c38134233fa1c__4  slide-5 ' ><div data-rel='slideshow-1' class='avia-slide-wrap '   ><img decoding=\"async\" class=\"wp-image-397 avia-img-lazy-loading-not-397\"  src=\"https:\/\/c-kurre.de\/wordpress\/wp-content\/uploads\/2022\/03\/981830.jpg\" width=\"400\" height=\"225\" title='981830' alt=''  itemprop=\"thumbnailUrl\" srcset=\"https:\/\/c-kurre.de\/wordpress\/wp-content\/uploads\/2022\/03\/981830.jpg 400w, https:\/\/c-kurre.de\/wordpress\/wp-content\/uploads\/2022\/03\/981830-300x169.jpg 300w\" sizes=\"(max-width: 400px) 100vw, 400px\" \/><\/div><\/li><\/ul><div class='avia-slideshow-arrows avia-slideshow-controls' ><a href='#prev' class='prev-slide ' aria-hidden='true' data-av_icon='\ue87c' data-av_iconfont='entypo-fontello'  tabindex='-1'>Zur\u00fcck<\/a><a href='#next' class='next-slide ' aria-hidden='true' data-av_icon='\ue87d' data-av_iconfont='entypo-fontello'  tabindex='-1'>Weiter<\/a><\/div><div class='avia-slideshow-dots avia-slideshow-controls'><a href='#1' class='goto-slide active' >1<\/a><a href='#2' class='goto-slide ' >2<\/a><a href='#3' class='goto-slide ' >3<\/a><a href='#4' class='goto-slide ' >4<\/a><a href='#5' class='goto-slide ' >5<\/a><\/div><\/div><\/div><section  class='av_textblock_section av-l1jo4o4x-6612f4e9b0e120bd4a8f0dcb85974e67'  itemscope=\"itemscope\" itemtype=\"https:\/\/schema.org\/CreativeWork\" ><div class='avia_textblock'  itemprop=\"text\" ><div class=\"cell large-11\">\n<p class=\"h2\"><strong>Erleben Sie die neue Leichtigkeit.<\/strong><\/p>\n<\/div>\n<div class=\"cell large-11\">\n<p>Endlich gibt es Schiebet\u00fcren, die mit nur geringer Kraftanstrengung und mit einfachen Handgriffen zu \u00f6ffnen und schlie\u00dfen sind.<\/p>\n<p>Und die Fenstervariante erm\u00f6glicht h\u00f6chste Flexibilit\u00e4t bei der Wohnraumgestaltung.<\/p>\n<p>Entdecken Sie moderne architektonische M\u00f6glichkeiten und neuartige Raumkonzepte. Die Schiebefenster und -t\u00fcren aus dem Profilsystem SYNEGO SLIDE werden Sie \u00fcberraschen.<\/p>\n<\/div>\n<\/div><\/section><\/p>\n<div class='flex_column av-h4ewr-3c31f70736c738fbb932d039a9539385 av_one_third  avia-builder-el-4  el_after_av_textblock  el_before_av_two_third  first flex_column_div column-top-margin'   ><section  class='av_textblock_section av-l1jo5ug1-125bf3c2aaa59d64870bf17736075840'  itemscope=\"itemscope\" itemtype=\"https:\/\/schema.org\/CreativeWork\" ><div class='avia_textblock'  itemprop=\"text\" ><p class=\"h3\"><strong>Mehr Platz f\u00fcr Wohnraum<\/strong><\/p>\n<p>Bei der Planung Ihrer Immobilie\u00a0\u2013\u00a0egal ob Neu\u00adbau oder Sanierung\u00a0\u2013\u00a0k\u00f6nnen Sie mehr Raum schaffen und moderne Wohn\u00adkonzepte umsetzen. Die Schiebe\u00adfenster er\u00adm\u00f6glichen platzsparende \u00d6ffnungen und eine anspre\u00adchende Verbindung von Innen und Au\u00dfen. Nat\u00fcrlich mit der \u00fcberzeugenden Leicht\u00adg\u00e4n\u00adgig\u00adkeit der SYNEGO SLIDE Produktfamilie.<\/p>\n<\/div><\/section><\/div>\n<div class='flex_column av-bp4tf-3d39f7607df1d5fbe7c9e6c2a548ddb3 av_two_third  avia-builder-el-6  el_after_av_one_third  el_before_av_one_third  flex_column_div column-top-margin'   ><style type=\"text\/css\" data-created_by=\"avia_inline_auto\" id=\"style-css-av-l1jo6ayo-2d0d354ec102368da684d98defb88eb6\">\n.avia-image-container.av-l1jo6ayo-2d0d354ec102368da684d98defb88eb6 .av-image-caption-overlay-center{\ncolor:#ffffff;\n}\n<\/style>\n<div  class='avia-image-container av-l1jo6ayo-2d0d354ec102368da684d98defb88eb6 av-styling- avia-align-center  avia-builder-el-7  avia-builder-el-no-sibling '  itemprop=\"image\" itemscope=\"itemscope\" itemtype=\"https:\/\/schema.org\/ImageObject\" ><div class=\"avia-image-container-inner\"><div class=\"avia-image-overlay-wrap\"><img decoding=\"async\" class='wp-image-400 avia-img-lazy-loading-not-400 avia_image' src=\"https:\/\/c-kurre.de\/wordpress\/wp-content\/uploads\/2022\/03\/21791713px1920x1358-845x684.jpg\" alt='' title='21791713px1920x1358'  height=\"684\" width=\"845\"  itemprop=\"thumbnailUrl\" srcset=\"https:\/\/c-kurre.de\/wordpress\/wp-content\/uploads\/2022\/03\/21791713px1920x1358-845x684.jpg 845w, https:\/\/c-kurre.de\/wordpress\/wp-content\/uploads\/2022\/03\/21791713px1920x1358-495x400.jpg 495w\" sizes=\"(max-width: 845px) 100vw, 845px\" \/><\/div><\/div><\/div><\/div>\n<div class='flex_column av-kiy6b-7638b592fb927d8ce259d7ef4230f011 av_one_third  avia-builder-el-8  el_after_av_two_third  el_before_av_one_third  first flex_column_div column-top-margin'   ><p>\n<style type=\"text\/css\" data-created_by=\"avia_inline_auto\" id=\"style-css-av-l1jowstg-997677d784a85fb5ef02607b67631e8c\">\n.avia-image-container.av-l1jowstg-997677d784a85fb5ef02607b67631e8c .av-image-caption-overlay-center{\ncolor:#ffffff;\n}\n<\/style>\n<div  class='avia-image-container av-l1jowstg-997677d784a85fb5ef02607b67631e8c av-styling- avia-align-center  avia-builder-el-9  el_before_av_textblock  avia-builder-el-first '  itemprop=\"image\" itemscope=\"itemscope\" itemtype=\"https:\/\/schema.org\/ImageObject\" ><div class=\"avia-image-container-inner\"><div class=\"avia-image-overlay-wrap\"><img decoding=\"async\" class='wp-image-672 avia-img-lazy-loading-not-672 avia_image' src=\"https:\/\/c-kurre.de\/wordpress\/wp-content\/uploads\/2022\/04\/981836-300x169.jpg\" alt='' title='981836'  height=\"169\" width=\"300\"  itemprop=\"thumbnailUrl\" srcset=\"https:\/\/c-kurre.de\/wordpress\/wp-content\/uploads\/2022\/04\/981836-300x169.jpg 300w, https:\/\/c-kurre.de\/wordpress\/wp-content\/uploads\/2022\/04\/981836.jpg 400w\" sizes=\"(max-width: 300px) 100vw, 300px\" \/><\/div><\/div><\/div><br \/>\n<section  class='av_textblock_section av-l1jox56y-7d5a7b7db125f2ccc3d025f121aca2c7'  itemscope=\"itemscope\" itemtype=\"https:\/\/schema.org\/CreativeWork\" ><div class='avia_textblock'  itemprop=\"text\" ><p class=\"h3\"><strong>Wohlige W\u00e4rme<\/strong><\/p>\n<p>Alte Fenster sind die gr\u00f6\u00dfte energetische Schwachstelle im Haus. Sie sind schlecht ged\u00e4mmt und technisch meist lange \u00fcber\u00adholt. Die Folge: Teuer bezahlte Heizenergie geht durch die Fenster verloren.<br \/>\nDie Schiebefenster und -t\u00fcren SYNEGO SLIDE hingegen \u00fcberzeugen durch hervor\u00adragende W\u00e4rmed\u00e4mm\u00adeigenschaften. Der W\u00e4rme\u00add\u00e4mm\u00adwert U<sub>f<\/sub>\u00a0erreicht bis zu 1,3\u00a0W\/(m\u00b2K). Der Energie\u00adverlust nach Au\u00dfen wird\u00a0minimiert, sodass die W\u00e4rme in den R\u00e4umen bleibt.<\/p>\n<\/div><\/section><\/p><\/div>\n<div class='flex_column av-dtv5v-ae14cc7755be313049529a97ed4d1c7e av_one_third  avia-builder-el-11  el_after_av_one_third  el_before_av_one_third  flex_column_div column-top-margin'   ><p>\n<style type=\"text\/css\" data-created_by=\"avia_inline_auto\" id=\"style-css-av-l1joxja3-1f9cd0d1b69de160703cb13f41ead03a\">\n.avia-image-container.av-l1joxja3-1f9cd0d1b69de160703cb13f41ead03a .av-image-caption-overlay-center{\ncolor:#ffffff;\n}\n<\/style>\n<div  class='avia-image-container av-l1joxja3-1f9cd0d1b69de160703cb13f41ead03a av-styling- avia-align-center  avia-builder-el-12  el_before_av_textblock  avia-builder-el-first '  itemprop=\"image\" itemscope=\"itemscope\" itemtype=\"https:\/\/schema.org\/ImageObject\" ><div class=\"avia-image-container-inner\"><div class=\"avia-image-overlay-wrap\"><img decoding=\"async\" class='wp-image-674 avia-img-lazy-loading-not-674 avia_image' src=\"https:\/\/c-kurre.de\/wordpress\/wp-content\/uploads\/2022\/04\/981842-300x169.jpg\" alt='' title='981842'  height=\"169\" width=\"300\"  itemprop=\"thumbnailUrl\" srcset=\"https:\/\/c-kurre.de\/wordpress\/wp-content\/uploads\/2022\/04\/981842-300x169.jpg 300w, https:\/\/c-kurre.de\/wordpress\/wp-content\/uploads\/2022\/04\/981842.jpg 400w\" sizes=\"(max-width: 300px) 100vw, 300px\" \/><\/div><\/div><\/div><br \/>\n<section  class='av_textblock_section av-l1joylc8-00c121b7c70d1ea373d7d3aeee44d655'  itemscope=\"itemscope\" itemtype=\"https:\/\/schema.org\/CreativeWork\" ><div class='avia_textblock'  itemprop=\"text\" ><p class=\"h3\"><strong>Ruhiges Zuhause<\/strong><\/p>\n<p>Wie auch im bew\u00e4hrten Basis\u00adprofilsystem SYNEGO k\u00f6nnen bei SYNEGO SLIDE hoch\u00adwertige Schall- und W\u00e4rme\u00adschutz\u00adgl\u00e4ser eingesetzt werden. Das unter\u00adst\u00fctzt nicht nur die Energie\u00adeffizienz, sondern sorgt auch daf\u00fcr,\u00a0dass L\u00e4rm drau\u00dfen bleibt.<br \/>\nDas System sorgt so f\u00fcr eine Verbesserung der Lebens\u00adqualit\u00e4t, denn es\u00a0reduziert den Schall\u00a0um bis zu 43 Dezibel. Das entspricht einer bis zu 20-fachen L\u00e4rmreduktion.<\/p>\n<\/div><\/section><\/p><\/div>\n<div class='flex_column av-9cpgr-0d0c6a7c894e33b1e9d6057a0c761408 av_one_third  avia-builder-el-14  el_after_av_one_third  avia-builder-el-last  flex_column_div column-top-margin'   ><p>\n<style type=\"text\/css\" data-created_by=\"avia_inline_auto\" id=\"style-css-av-l1joz38g-60e2a3acf27bf307a38768a9df3e9302\">\n.avia-image-container.av-l1joz38g-60e2a3acf27bf307a38768a9df3e9302 .av-image-caption-overlay-center{\ncolor:#ffffff;\n}\n<\/style>\n<div  class='avia-image-container av-l1joz38g-60e2a3acf27bf307a38768a9df3e9302 av-styling- avia-align-center  avia-builder-el-15  el_before_av_textblock  avia-builder-el-first '  itemprop=\"image\" itemscope=\"itemscope\" itemtype=\"https:\/\/schema.org\/ImageObject\" ><div class=\"avia-image-container-inner\"><div class=\"avia-image-overlay-wrap\"><img decoding=\"async\" class='wp-image-673 avia-img-lazy-loading-not-673 avia_image' src=\"https:\/\/c-kurre.de\/wordpress\/wp-content\/uploads\/2022\/04\/981838-300x169.jpg\" alt='' title='981838'  height=\"169\" width=\"300\"  itemprop=\"thumbnailUrl\" srcset=\"https:\/\/c-kurre.de\/wordpress\/wp-content\/uploads\/2022\/04\/981838-300x169.jpg 300w, https:\/\/c-kurre.de\/wordpress\/wp-content\/uploads\/2022\/04\/981838.jpg 400w\" sizes=\"(max-width: 300px) 100vw, 300px\" \/><\/div><\/div><\/div><br \/>\n<section  class='av_textblock_section av-l1jozjo4-652ae4cd87c8bcd3ba8a5d90232ceaf3'  itemscope=\"itemscope\" itemtype=\"https:\/\/schema.org\/CreativeWork\" ><div class='avia_textblock'  itemprop=\"text\" ><p class=\"h3\"><strong>Hohe Schlagregen\u00addichtigkeit<\/strong><\/p>\n<p>Die innovative Schlie\u00dfmechanik von SYNEGO SLIDE sorgt f\u00fcr einen gleich\u00adm\u00e4\u00dfig verteilten Anpress\u00addruck des Schiebe\u00adelements. Dieser l\u00e4sst die umlaufende Dichtung perfekt anliegen\u00a0\u2013 f\u00fcr hervorragende Schlagregen\u00addichtigkeit.<\/p>\n<\/div><\/section><\/p><\/div>\n","protected":false},"excerpt":{"rendered":"","protected":false},"author":1,"featured_media":0,"parent":0,"menu_order":0,"comment_status":"closed","ping_status":"closed","template":"","meta":{"footnotes":""},"class_list":["post-419","page","type-page","status-publish","hentry"],"_links":{"self":[{"href":"https:\/\/c-kurre.de\/wordpress\/index.php\/wp-json\/wp\/v2\/pages\/419","targetHints":{"allow":["GET"]}}],"collection":[{"href":"https:\/\/c-kurre.de\/wordpress\/index.php\/wp-json\/wp\/v2\/pages"}],"about":[{"href":"https:\/\/c-kurre.de\/wordpress\/index.php\/wp-json\/wp\/v2\/types\/page"}],"author":[{"embeddable":true,"href":"https:\/\/c-kurre.de\/wordpress\/index.php\/wp-json\/wp\/v2\/users\/1"}],"replies":[{"embeddable":true,"href":"https:\/\/c-kurre.de\/wordpress\/index.php\/wp-json\/wp\/v2\/comments?post=419"}],"version-history":[{"count":15,"href":"https:\/\/c-kurre.de\/wordpress\/index.php\/wp-json\/wp\/v2\/pages\/419\/revisions"}],"predecessor-version":[{"id":700,"href":"https:\/\/c-kurre.de\/wordpress\/index.php\/wp-json\/wp\/v2\/pages\/419\/revisions\/700"}],"wp:attachment":[{"href":"https:\/\/c-kurre.de\/wordpress\/index.php\/wp-json\/wp\/v2\/media?parent=419"}],"curies":[{"name":"wp","href":"https:\/\/api.w.org\/{rel}","templated":true}]}}